{"id":3154,"date":"2025-08-31T16:42:20","date_gmt":"2025-08-31T16:42:20","guid":{"rendered":"http:\/\/www.atasanambalaj.com.tr\/?page_id=3154"},"modified":"2025-09-09T13:52:04","modified_gmt":"2025-09-09T13:52:04","slug":"kalite-belgelerimiz","status":"publish","type":"page","link":"https:\/\/www.atasanambalaj.com.tr\/index.php\/kalite-belgelerimiz\/","title":{"rendered":"Kalite Belgelerimiz"},"content":{"rendered":"\t\t<div data-elementor-type=\"wp-page\" data-elementor-id=\"3154\" class=\"elementor elementor-3154\" data-elementor-post-type=\"page\">\n\t\t\t\t\t\t<section class=\"elementor-section elementor-top-section elementor-element elementor-element-8033b3f elementor-section-boxed elementor-section-height-default elementor-section-height-default\" data-id=\"8033b3f\" data-element_type=\"section\" data-e-type=\"section\">\n\t\t\t\t\t\t<div class=\"elementor-container elementor-column-gap-default\">\n\t\t\t\t\t<div class=\"elementor-column elementor-col-100 elementor-top-column elementor-element elementor-element-ce46661\" data-id=\"ce46661\" data-element_type=\"column\" data-e-type=\"column\">\n\t\t\t<div class=\"elementor-widget-wrap elementor-element-populated\">\n\t\t\t\t\t\t<div class=\"elementor-element elementor-element-9b9179a elementor-widget elementor-widget-heading\" data-id=\"9b9179a\" data-element_type=\"widget\" data-e-type=\"widget\" data-widget_type=\"heading.default\">\n\t\t\t\t\t<h2 class=\"elementor-heading-title elementor-size-default\">Atasan Ambalaj olarak, yaln\u0131zca kaliteli ambalaj \u00fcr\u00fcnleri \u00fcretmekle kalm\u0131yor; ayn\u0131 zamanda m\u00fc\u015fteri memnuniyetini, i\u015f g\u00fcvenli\u011fini, \u00e7evreye duyarl\u0131l\u0131\u011f\u0131 ve g\u0131da g\u00fcvenli\u011fini \u00f6n planda tutuyoruz.<\/h2>\t\t\t\t<\/div>\n\t\t\t\t<div class=\"elementor-element elementor-element-add979f elementor-widget elementor-widget-text-editor\" data-id=\"add979f\" data-element_type=\"widget\" data-e-type=\"widget\" data-widget_type=\"text-editor.default\">\n\t\t\t\t\t\t\t\t\t<p>Uluslararas\u0131 standartlara uygun \u00fcretim s\u00fcre\u00e7lerimiz, ald\u0131\u011f\u0131m\u0131z <strong data-start=\"534\" data-end=\"555\">ISO sertifikalar\u0131<\/strong> ile belgelendirilmi\u015ftir. Bu belgeler, hem yerel hem de global pazarlarda g\u00fcvenilir bir i\u015f orta\u011f\u0131 oldu\u011fumuzu kan\u0131tlamaktad\u0131r.<\/p>\t\t\t\t\t\t\t\t<\/div>\n\t\t\t\t\t<\/div>\n\t\t<\/div>\n\t\t\t\t\t<\/div>\n\t\t<\/section>\n\t\t\t\t<section class=\"elementor-section elementor-top-section elementor-element elementor-element-715b668 elementor-section-boxed elementor-section-height-default elementor-section-height-default\" data-id=\"715b668\" data-element_type=\"section\" data-e-type=\"section\">\n\t\t\t\t\t\t<div class=\"elementor-container elementor-column-gap-default\">\n\t\t\t\t\t<div class=\"elementor-column elementor-col-100 elementor-top-column elementor-element elementor-element-e397a47\" data-id=\"e397a47\" data-element_type=\"column\" data-e-type=\"column\">\n\t\t\t<div class=\"elementor-widget-wrap elementor-element-populated\">\n\t\t\t\t\t\t<div class=\"elementor-element elementor-element-942efc0 elementor-widget elementor-widget-sober-section-heading\" data-id=\"942efc0\" data-element_type=\"widget\" data-e-type=\"widget\" data-widget_type=\"sober-section-heading.default\">\n\t\t\t\t<div class=\"elementor-widget-container\">\n\t\t\t\t\t<h2 class=\"sober-section-heading sober-section-heading--default sober-section-header--align-center\"><span class=\"sober-section-heading__title\">Atasan Ambalaj Kalite Belgeleri<\/span><\/h2>\t\t\t\t<\/div>\n\t\t\t\t<\/div>\n\t\t\t\t\t<\/div>\n\t\t<\/div>\n\t\t\t\t\t<\/div>\n\t\t<\/section>\n\t\t\t\t<section class=\"elementor-section elementor-top-section elementor-element elementor-element-47e37c6 elementor-section-boxed elementor-section-height-default elementor-section-height-default\" data-id=\"47e37c6\" data-element_type=\"section\" data-e-type=\"section\">\n\t\t\t\t\t\t<div class=\"elementor-container elementor-column-gap-extended\">\n\t\t\t\t\t<div class=\"elementor-column elementor-col-33 elementor-top-column elementor-element elementor-element-b3a4c8c\" data-id=\"b3a4c8c\" data-element_type=\"column\" data-e-type=\"column\">\n\t\t\t<div class=\"elementor-widget-wrap elementor-element-populated\">\n\t\t\t\t\t\t<div class=\"elementor-element elementor-element-1f23720 elementor-widget elementor-widget-sober-team-member\" data-id=\"1f23720\" data-element_type=\"widget\" data-e-type=\"widget\" data-widget_type=\"sober-team-member.default\">\n\t\t\t\t<div class=\"elementor-widget-container\">\n\t\t\t\t\t\t\t<div class=\"sober-team-member sober-team-member--elementor\">\n\t\t\t<img fetchpriority=\"high\" decoding=\"async\" width=\"360\" height=\"430\" src=\"https:\/\/www.atasanambalaj.com.tr\/wp-content\/uploads\/2025\/09\/01_musteri_memnuniyeti_belgesi_31082025_2027_02.png\" class=\"attachment-full size-full wp-image-3492\" alt=\"\" srcset=\"https:\/\/www.atasanambalaj.com.tr\/wp-content\/uploads\/2025\/09\/01_musteri_memnuniyeti_belgesi_31082025_2027_02.png 360w, https:\/\/www.atasanambalaj.com.tr\/wp-content\/uploads\/2025\/09\/01_musteri_memnuniyeti_belgesi_31082025_2027_02-251x300.png 251w\" sizes=\"(max-width: 360px) 100vw, 360px\" \/>\t\t\t<div class=\"member-socials sober-team-member__socials\">\n\t\t\t\t\t\t\t<\/div>\n\t\t\t<div class=\"member-info sober-team-member__info\">\n\t\t\t\t<h4 class=\"member-name sober-team-member__name\">M\u00fc\u015fteri Memnuniyeti<\/h4>\n\t\t\t\t<span class=\"member-job sober-team-member__job\">Y\u00f6netim Sistemi<\/span>\n\t\t\t<\/div>\n\t\t<\/div>\n\t\t\t\t\t\t<\/div>\n\t\t\t\t<\/div>\n\t\t<div class=\"elementor-element elementor-element-215afb5 e-flex e-con-boxed e-con e-parent\" data-id=\"215afb5\" data-element_type=\"container\" data-e-type=\"container\">\n\t\t\t\t\t<div class=\"e-con-inner\">\n\t\t\t\t<div class=\"elementor-element elementor-element-a23df58 elementor-widget elementor-widget-text-editor\" data-id=\"a23df58\" data-element_type=\"widget\" data-e-type=\"widget\" data-widget_type=\"text-editor.default\">\n\t\t\t\t\t\t\t\t\t<p>M\u00fc\u015fterilerimizin geri bildirimlerini etkin \u015fekilde de\u011ferlendiriyor, \u00e7\u00f6z\u00fcm odakl\u0131 yakla\u015f\u0131mlar\u0131m\u0131zla memnuniyetlerini en \u00fcst seviyede tutuyoruz. ISO 10002:2018 belgemiz, m\u00fc\u015fteri odakl\u0131 hizmet anlay\u0131\u015f\u0131m\u0131z\u0131n resmi bir g\u00f6stergesidir.<\/p>\t\t\t\t\t\t\t\t<\/div>\n\t\t\t\t\t<\/div>\n\t\t\t\t<\/div>\n\t\t\t\t\t<\/div>\n\t\t<\/div>\n\t\t\t\t<div class=\"elementor-column elementor-col-33 elementor-top-column elementor-element elementor-element-9ada02d\" data-id=\"9ada02d\" data-element_type=\"column\" data-e-type=\"column\">\n\t\t\t<div class=\"elementor-widget-wrap elementor-element-populated\">\n\t\t\t\t\t\t<div class=\"elementor-element elementor-element-7e1d38d elementor-widget elementor-widget-sober-team-member\" data-id=\"7e1d38d\" data-element_type=\"widget\" data-e-type=\"widget\" data-widget_type=\"sober-team-member.default\">\n\t\t\t\t<div class=\"elementor-widget-container\">\n\t\t\t\t\t\t\t<div class=\"sober-team-member sober-team-member--elementor\">\n\t\t\t<img decoding=\"async\" width=\"360\" height=\"430\" src=\"https:\/\/www.atasanambalaj.com.tr\/wp-content\/uploads\/2025\/09\/02_gida_guvenligi_belgesi_31082025_2032_02.png\" class=\"attachment-full size-full wp-image-3493\" alt=\"\" srcset=\"https:\/\/www.atasanambalaj.com.tr\/wp-content\/uploads\/2025\/09\/02_gida_guvenligi_belgesi_31082025_2032_02.png 360w, https:\/\/www.atasanambalaj.com.tr\/wp-content\/uploads\/2025\/09\/02_gida_guvenligi_belgesi_31082025_2032_02-251x300.png 251w\" sizes=\"(max-width: 360px) 100vw, 360px\" \/>\t\t\t<div class=\"member-socials sober-team-member__socials\">\n\t\t\t\t\t\t\t<\/div>\n\t\t\t<div class=\"member-info sober-team-member__info\">\n\t\t\t\t<h4 class=\"member-name sober-team-member__name\">G\u0131da G\u00fcvenli\u011fi<\/h4>\n\t\t\t\t<span class=\"member-job sober-team-member__job\">Y\u00f6netim Sistemi<\/span>\n\t\t\t<\/div>\n\t\t<\/div>\n\t\t\t\t\t\t<\/div>\n\t\t\t\t<\/div>\n\t\t<div class=\"elementor-element elementor-element-a63c3a3 e-flex e-con-boxed e-con e-parent\" data-id=\"a63c3a3\" data-element_type=\"container\" data-e-type=\"container\">\n\t\t\t\t\t<div class=\"e-con-inner\">\n\t\t\t\t<div class=\"elementor-element elementor-element-e0c9051 elementor-widget elementor-widget-text-editor\" data-id=\"e0c9051\" data-element_type=\"widget\" data-e-type=\"widget\" data-widget_type=\"text-editor.default\">\n\t\t\t\t\t\t\t\t\t<p>G\u0131da ile temas eden ambalajlarda hijyen, g\u00fcvenlik ve kalite standartlar\u0131na uygun \u00fcretim yap\u0131yoruz. ISO 22000:2018 sertifikam\u0131z, ambalajlar\u0131m\u0131z\u0131n g\u0131da g\u00fcvenli\u011fi a\u00e7\u0131s\u0131ndan uluslararas\u0131 normlara uygun oldu\u011funu belgeliyor.<\/p>\t\t\t\t\t\t\t\t<\/div>\n\t\t\t\t\t<\/div>\n\t\t\t\t<\/div>\n\t\t\t\t\t<\/div>\n\t\t<\/div>\n\t\t\t\t<div class=\"elementor-column elementor-col-33 elementor-top-column elementor-element elementor-element-54c8d2f\" data-id=\"54c8d2f\" data-element_type=\"column\" data-e-type=\"column\">\n\t\t\t<div class=\"elementor-widget-wrap elementor-element-populated\">\n\t\t\t\t\t\t<div class=\"elementor-element elementor-element-190bda9 elementor-widget elementor-widget-sober-team-member\" data-id=\"190bda9\" data-element_type=\"widget\" data-e-type=\"widget\" data-widget_type=\"sober-team-member.default\">\n\t\t\t\t<div class=\"elementor-widget-container\">\n\t\t\t\t\t\t\t<div class=\"sober-team-member sober-team-member--elementor\">\n\t\t\t<img decoding=\"async\" width=\"360\" height=\"430\" src=\"https:\/\/www.atasanambalaj.com.tr\/wp-content\/uploads\/2025\/09\/03_is_sagligi_guvenligi_belgesi_31082025_2034_02.png\" class=\"attachment-full size-full wp-image-3494\" alt=\"\" srcset=\"https:\/\/www.atasanambalaj.com.tr\/wp-content\/uploads\/2025\/09\/03_is_sagligi_guvenligi_belgesi_31082025_2034_02.png 360w, https:\/\/www.atasanambalaj.com.tr\/wp-content\/uploads\/2025\/09\/03_is_sagligi_guvenligi_belgesi_31082025_2034_02-251x300.png 251w\" sizes=\"(max-width: 360px) 100vw, 360px\" \/>\t\t\t<div class=\"member-socials sober-team-member__socials\">\n\t\t\t\t\t\t\t<\/div>\n\t\t\t<div class=\"member-info sober-team-member__info\">\n\t\t\t\t<h4 class=\"member-name sober-team-member__name\">\u0130\u015f Sa\u011fl\u0131\u011f\u0131 ve G\u00fcvenli\u011fi<\/h4>\n\t\t\t\t<span class=\"member-job sober-team-member__job\">Y\u00f6netim Sistemi<\/span>\n\t\t\t<\/div>\n\t\t<\/div>\n\t\t\t\t\t\t<\/div>\n\t\t\t\t<\/div>\n\t\t<div class=\"elementor-element elementor-element-6ca3376 e-flex e-con-boxed e-con e-parent\" data-id=\"6ca3376\" data-element_type=\"container\" data-e-type=\"container\">\n\t\t\t\t\t<div class=\"e-con-inner\">\n\t\t\t\t<div class=\"elementor-element elementor-element-739edec elementor-widget elementor-widget-text-editor\" data-id=\"739edec\" data-element_type=\"widget\" data-e-type=\"widget\" data-widget_type=\"text-editor.default\">\n\t\t\t\t\t\t\t\t\t<p>\u00c7al\u0131\u015fanlar\u0131m\u0131z\u0131n g\u00fcvenli\u011fi ve sa\u011fl\u0131\u011f\u0131, \u00fcretimimizin temel ta\u015flar\u0131ndan biridir. ISO 45001:2018 belgesi ile i\u015f g\u00fcvenli\u011fi standartlar\u0131n\u0131 titizlikle uygulad\u0131\u011f\u0131m\u0131z\u0131 ve \u00e7al\u0131\u015fanlar\u0131m\u0131z i\u00e7in g\u00fcvenli bir \u00e7al\u0131\u015fma ortam\u0131 sa\u011flad\u0131\u011f\u0131m\u0131z\u0131 g\u00f6steriyoruz.<\/p>\t\t\t\t\t\t\t\t<\/div>\n\t\t\t\t\t<\/div>\n\t\t\t\t<\/div>\n\t\t\t\t\t<\/div>\n\t\t<\/div>\n\t\t\t\t\t<\/div>\n\t\t<\/section>\n\t\t\t\t<section class=\"elementor-section elementor-top-section elementor-element elementor-element-2bdae0a elementor-section-boxed elementor-section-height-default elementor-section-height-default\" data-id=\"2bdae0a\" data-element_type=\"section\" data-e-type=\"section\">\n\t\t\t\t\t\t<div class=\"elementor-container elementor-column-gap-extended\">\n\t\t\t\t\t<div class=\"elementor-column elementor-col-33 elementor-top-column elementor-element elementor-element-be59c17\" data-id=\"be59c17\" data-element_type=\"column\" data-e-type=\"column\">\n\t\t\t<div class=\"elementor-widget-wrap elementor-element-populated\">\n\t\t\t\t\t\t<div class=\"elementor-element elementor-element-1cbffb1 elementor-widget elementor-widget-sober-team-member\" data-id=\"1cbffb1\" data-element_type=\"widget\" data-e-type=\"widget\" data-widget_type=\"sober-team-member.default\">\n\t\t\t\t<div class=\"elementor-widget-container\">\n\t\t\t\t\t\t\t<div class=\"sober-team-member sober-team-member--elementor\">\n\t\t\t<img loading=\"lazy\" decoding=\"async\" width=\"360\" height=\"430\" src=\"https:\/\/www.atasanambalaj.com.tr\/wp-content\/uploads\/2025\/09\/04_kalite_yonetim_sistemi_31082025_2037_02.png\" class=\"attachment-full size-full wp-image-3495\" alt=\"\" srcset=\"https:\/\/www.atasanambalaj.com.tr\/wp-content\/uploads\/2025\/09\/04_kalite_yonetim_sistemi_31082025_2037_02.png 360w, https:\/\/www.atasanambalaj.com.tr\/wp-content\/uploads\/2025\/09\/04_kalite_yonetim_sistemi_31082025_2037_02-251x300.png 251w\" sizes=\"(max-width: 360px) 100vw, 360px\" \/>\t\t\t<div class=\"member-socials sober-team-member__socials\">\n\t\t\t\t\t\t\t<\/div>\n\t\t\t<div class=\"member-info sober-team-member__info\">\n\t\t\t\t<h4 class=\"member-name sober-team-member__name\">Kalite<\/h4>\n\t\t\t\t<span class=\"member-job sober-team-member__job\">Y\u00f6netimi Sistemi<\/span>\n\t\t\t<\/div>\n\t\t<\/div>\n\t\t\t\t\t\t<\/div>\n\t\t\t\t<\/div>\n\t\t<div class=\"elementor-element elementor-element-525d853 e-flex e-con-boxed e-con e-parent\" data-id=\"525d853\" data-element_type=\"container\" data-e-type=\"container\">\n\t\t\t\t\t<div class=\"e-con-inner\">\n\t\t\t\t<div class=\"elementor-element elementor-element-730f501 elementor-widget elementor-widget-text-editor\" data-id=\"730f501\" data-element_type=\"widget\" data-e-type=\"widget\" data-widget_type=\"text-editor.default\">\n\t\t\t\t\t\t\t\t\t<p data-start=\"1637\" data-end=\"1861\">\u00dcr\u00fcn ve hizmet kalitemizi s\u00fcrekli iyile\u015ftirme yakla\u015f\u0131m\u0131yla geli\u015ftiriyoruz. ISO 9001:2015 belgemiz, m\u00fc\u015fteri beklentilerini kar\u015f\u0131layan ve a\u015fan \u00fcretim s\u00fcre\u00e7lerimizin uluslararas\u0131 kalite standartlar\u0131na uygun oldu\u011funu kan\u0131tlar.<\/p>\t\t\t\t\t\t\t\t<\/div>\n\t\t\t\t\t<\/div>\n\t\t\t\t<\/div>\n\t\t\t\t\t<\/div>\n\t\t<\/div>\n\t\t\t\t<div class=\"elementor-column elementor-col-33 elementor-top-column elementor-element elementor-element-49621dd\" data-id=\"49621dd\" data-element_type=\"column\" data-e-type=\"column\">\n\t\t\t<div class=\"elementor-widget-wrap elementor-element-populated\">\n\t\t\t\t\t\t<div class=\"elementor-element elementor-element-db2ae71 elementor-widget elementor-widget-sober-team-member\" data-id=\"db2ae71\" data-element_type=\"widget\" data-e-type=\"widget\" data-widget_type=\"sober-team-member.default\">\n\t\t\t\t<div class=\"elementor-widget-container\">\n\t\t\t\t\t\t\t<div class=\"sober-team-member sober-team-member--elementor\">\n\t\t\t<img loading=\"lazy\" decoding=\"async\" width=\"360\" height=\"430\" src=\"https:\/\/www.atasanambalaj.com.tr\/wp-content\/uploads\/2025\/09\/05_cevre_yonetim_31082025_2039_02.png\" class=\"attachment-full size-full wp-image-3496\" alt=\"\" srcset=\"https:\/\/www.atasanambalaj.com.tr\/wp-content\/uploads\/2025\/09\/05_cevre_yonetim_31082025_2039_02.png 360w, https:\/\/www.atasanambalaj.com.tr\/wp-content\/uploads\/2025\/09\/05_cevre_yonetim_31082025_2039_02-251x300.png 251w\" sizes=\"(max-width: 360px) 100vw, 360px\" \/>\t\t\t<div class=\"member-socials sober-team-member__socials\">\n\t\t\t\t\t\t\t<\/div>\n\t\t\t<div class=\"member-info sober-team-member__info\">\n\t\t\t\t<h4 class=\"member-name sober-team-member__name\">\u00c7evre<\/h4>\n\t\t\t\t<span class=\"member-job sober-team-member__job\">Y\u00f6netim Sistemi<\/span>\n\t\t\t<\/div>\n\t\t<\/div>\n\t\t\t\t\t\t<\/div>\n\t\t\t\t<\/div>\n\t\t<div class=\"elementor-element elementor-element-b9b98e9 e-flex e-con-boxed e-con e-parent\" data-id=\"b9b98e9\" data-element_type=\"container\" data-e-type=\"container\">\n\t\t\t\t\t<div class=\"e-con-inner\">\n\t\t\t\t<div class=\"elementor-element elementor-element-32d9ac1 elementor-widget elementor-widget-text-editor\" data-id=\"32d9ac1\" data-element_type=\"widget\" data-e-type=\"widget\" data-widget_type=\"text-editor.default\">\n\t\t\t\t\t\t\t\t\t<p>Do\u011faya duyarl\u0131 \u00fcretim anlay\u0131\u015f\u0131m\u0131z\u0131 ISO 14001:2015 belgemiz ile ta\u00e7land\u0131r\u0131yoruz. Enerji verimlili\u011fi, at\u0131k y\u00f6netimi ve s\u00fcrd\u00fcr\u00fclebilirlik ilkeleri do\u011frultusunda \u00e7evreye olan sorumlulu\u011fumuzu yerine getiriyoruz.<\/p>\t\t\t\t\t\t\t\t<\/div>\n\t\t\t\t\t<\/div>\n\t\t\t\t<\/div>\n\t\t\t\t\t<\/div>\n\t\t<\/div>\n\t\t\t\t<div class=\"elementor-column elementor-col-33 elementor-top-column elementor-element elementor-element-f36a84c\" data-id=\"f36a84c\" data-element_type=\"column\" data-e-type=\"column\">\n\t\t\t<div class=\"elementor-widget-wrap elementor-element-populated\">\n\t\t\t\t\t\t<div class=\"elementor-element elementor-element-9e82f16 elementor-widget elementor-widget-sober-team-member\" data-id=\"9e82f16\" data-element_type=\"widget\" data-e-type=\"widget\" data-widget_type=\"sober-team-member.default\">\n\t\t\t\t<div class=\"elementor-widget-container\">\n\t\t\t\t\t\t\t<div class=\"sober-team-member sober-team-member--elementor\">\n\t\t\t<img loading=\"lazy\" decoding=\"async\" width=\"360\" height=\"430\" src=\"https:\/\/www.atasanambalaj.com.tr\/wp-content\/uploads\/2025\/08\/06_kurumsal_risk_yonetim_sistemi_31082025_2041.png\" class=\"attachment-full size-full wp-image-3190\" alt=\"\" srcset=\"https:\/\/www.atasanambalaj.com.tr\/wp-content\/uploads\/2025\/08\/06_kurumsal_risk_yonetim_sistemi_31082025_2041.png 360w, https:\/\/www.atasanambalaj.com.tr\/wp-content\/uploads\/2025\/08\/06_kurumsal_risk_yonetim_sistemi_31082025_2041-251x300.png 251w\" sizes=\"(max-width: 360px) 100vw, 360px\" \/>\t\t\t<div class=\"member-socials sober-team-member__socials\">\n\t\t\t\t\t\t\t<\/div>\n\t\t\t<div class=\"member-info sober-team-member__info\">\n\t\t\t\t<h4 class=\"member-name sober-team-member__name\">Kurumsal Risk<\/h4>\n\t\t\t\t<span class=\"member-job sober-team-member__job\">Y\u00f6netim Sistemi<\/span>\n\t\t\t<\/div>\n\t\t<\/div>\n\t\t\t\t\t\t<\/div>\n\t\t\t\t<\/div>\n\t\t<div class=\"elementor-element elementor-element-49a247c e-flex e-con-boxed e-con e-parent\" data-id=\"49a247c\" data-element_type=\"container\" data-e-type=\"container\">\n\t\t\t\t\t<div class=\"e-con-inner\">\n\t\t\t\t<div class=\"elementor-element elementor-element-cccf143 elementor-widget elementor-widget-text-editor\" data-id=\"cccf143\" data-element_type=\"widget\" data-e-type=\"widget\" data-widget_type=\"text-editor.default\">\n\t\t\t\t\t\t\t\t\t<p>Her s\u00fcre\u00e7te olas\u0131 riskleri \u00f6nceden analiz ediyor, g\u00fcvenilir ve s\u00fcrd\u00fcr\u00fclebilir \u00e7\u00f6z\u00fcmler \u00fcretiyoruz. ISO 31000:2018 belgemiz, risk y\u00f6netiminde etkinli\u011fimizi ve kurumsal s\u00fcrd\u00fcr\u00fclebilirlik vizyonumuzu desteklemektedir.<\/p>\t\t\t\t\t\t\t\t<\/div>\n\t\t\t\t\t<\/div>\n\t\t\t\t<\/div>\n\t\t\t\t\t<\/div>\n\t\t<\/div>\n\t\t\t\t\t<\/div>\n\t\t<\/section>\n\t\t\t\t<\/div>\n\t\t","protected":false},"excerpt":{"rendered":"<p>Atasan Ambalaj olarak, yaln\u0131zca kaliteli ambalaj \u00fcr\u00fcnleri \u00fcretmekle kalm\u0131yor; ayn\u0131 zamanda m\u00fc\u015fteri memnuniyetini, i\u015f g\u00fcvenli\u011fini,&hellip;<\/p>\n","protected":false},"author":1,"featured_media":0,"parent":0,"menu_order":0,"comment_status":"closed","ping_status":"closed","template":"","meta":{"footnotes":""},"class_list":["post-3154","page","type-page","status-publish","hentry"],"_links":{"self":[{"href":"https:\/\/www.atasanambalaj.com.tr\/index.php\/wp-json\/wp\/v2\/pages\/3154","targetHints":{"allow":["GET"]}}],"collection":[{"href":"https:\/\/www.atasanambalaj.com.tr\/index.php\/wp-json\/wp\/v2\/pages"}],"about":[{"href":"https:\/\/www.atasanambalaj.com.tr\/index.php\/wp-json\/wp\/v2\/types\/page"}],"author":[{"embeddable":true,"href":"https:\/\/www.atasanambalaj.com.tr\/index.php\/wp-json\/wp\/v2\/users\/1"}],"replies":[{"embeddable":true,"href":"https:\/\/www.atasanambalaj.com.tr\/index.php\/wp-json\/wp\/v2\/comments?post=3154"}],"version-history":[{"count":25,"href":"https:\/\/www.atasanambalaj.com.tr\/index.php\/wp-json\/wp\/v2\/pages\/3154\/revisions"}],"predecessor-version":[{"id":3499,"href":"https:\/\/www.atasanambalaj.com.tr\/index.php\/wp-json\/wp\/v2\/pages\/3154\/revisions\/3499"}],"wp:attachment":[{"href":"https:\/\/www.atasanambalaj.com.tr\/index.php\/wp-json\/wp\/v2\/media?parent=3154"}],"curies":[{"name":"wp","href":"https:\/\/api.w.org\/{rel}","templated":true}]}}